s 215939611 a prime number?
False
Is 2039774717 a composite number?
True
Is 168071721401 a composite number?
False
Is 1777070599 prime?
True
Is 4967939017 a prime number?
True
Is 7161330229 a prime number?
False
Is 2418160369 composite?
False
Is 1586517437 composite?
True
Is 25082524289 composite?
True
Is 25422052727 a prime number?
False
Is 1001757327 prime?
False
Is 10576752551 composite?
True
Is 1083612331 composite?
False
Is 15817710797 a prime number?
False
Is 3797403491 a composite number?
True
Is 295041653849 a composite number?
False
Is 2767094339 prime?
True
Is 331104167 composite?
False
Is 153535729 prime?
True
Is 103038083699 prime?
False
Is 45965242493 prime?
False
Is 316826723 a prime number?
True
Is 881121251 a prime number?
True
Is 41951731 a composite number?
False
Is 175095631 prime?
False
Is 14877604513 prime?
True
Is 27387866339 a prime number?
True
Is 24438689027 composite?
False
Is 149399477 a composite number?
False
Is 172685803 composite?
False
Is 23310516071 a prime number?
False
Is 934412957 a composite number?
False
Is 20946707987 a composite number?
False
Is 4063695989 a composite number?
True
Is 2026611835 a prime number?
False
Is 193453651 a prime number?
True
Is 15147141 composite?
True
Is 424900207 a composite number?
False
Is 35505361 composite?
False
Is 15557821327 a prime number?
False
Is 2247306023 a composite number?
True
Is 2481156149 composite?
True
Is 581502347 prime?
True
Is 10642105223 prime?
False
Is 64288921 a composite number?
False
Is 37020329 composite?
True
Is 1166866409 composite?
False
Is 4621909861 prime?
True
Is 5033080694 a prime number?
False
Is 25183931 prime?
False
Is 196573532023 a composite number?
True
Is 10956865363 prime?
False
Is 3462990719 prime?
True
Is 2989705699 a prime number?
True
Is 101651603 prime?
False
Is 636464321 prime?
False
Is 6578051647 a composite number?
True
Is 197931057 composite?
True
Is 473506269 a prime number?
False
Is 8017212149 composite?
False
Is 41579951771 a composite number?
True
Is 7795869713 prime?
True
Is 1391637671 a prime number?
True
Is 14537097359 a composite number?
True
Is 37592453573 prime?
True
Is 18045656897 a prime number?
True
Is 6202149647 prime?
True
Is 9519439823 prime?
False
Is 5478433 prime?
True
Is 1793607043 prime?
True
Is 1630351337 a composite number?
True
Is 1018450457 prime?
True
Is 7623354239 a composite number?
False
Is 828462653 prime?
True
Is 44811540373 a composite number?
True
Is 25010032937 composite?
True
Is 649956353 a prime number?
False
Is 2306077439 composite?
False
Is 4846446149 prime?
True
Is 6440037661 a composite number?
False
Is 28123454243 prime?
False
Is 5262849083 a prime number?
False
Is 1642555267 composite?
False
Is 115583989 composite?
False
Is 725477677 a composite number?
True
Is 531930331 a prime number?
True
Is 2910511489 prime?
True
Is 723343531 a composite number?
True
Is 953622493 a composite number?
False
Is 2396325677 a composite number?
False
Is 5454920777 a composite number?
False
Is 3020624371 a composite number?
False
Is 27119254017 a prime number?
False
Is 4261961917 prime?
False
Is 92827910887 composite?
False
Is 19250433934 a composite number?
True
Is 574661719 a composite number?
False
Is 25884853067 composite?
True
Is 3593025827 a prime number?
True
Is 3092265413 composite?
False
Is 2104679953 a composite number?
False
Is 55649184713 a prime number?
True
Is 2166642223 a prime number?
True
Is 30987655861 composite?
True
Is 160316089 composite?
True
Is 1021367237 prime?
False
Is 68284933 composite?
False
Is 405658649 a composite number?
True
Is 316895231 composite?
False
Is 967946741 composite?
True
Is 235221971 composite?
False
Is 75477539 prime?
True
Is 102046431 composite?
True
Is 92164309 prime?
True
Is 272069927 prime?
False
Is 8604712769 a composite number?
False
Is 36710802691 composite?
True
Is 379963981 a composite number?
False
Is 1228322737 composite?
True
Is 112551061993 composite?
False
Is 21108097 a composite number?
False
Is 4188247627 a prime number?
True
Is 8740808041 composite?
True
Is 6588814837 composite?
True
Is 37741694777 prime?
False
Is 35266563881 a prime number?
False
Is 26468140891 a prime number?
True
Is 2878941413 a composite number?
False
Is 2533634435 prime?
False
Is 4388947571 composite?
False
Is 86749969 a prime number?
True
Is 305065363 prime?
False
Is 83105371915 composite?
True
Is 28030706129 prime?
False
Is 14256872303 composite?
False
Is 6467189617 a composite number?
True
Is 168124481 a composite number?
True
Is 2452220857 a composite number?
False
Is 57139961 composite?
False
Is 6748103041 prime?
False
Is 180670111 prime?
True
Is 28001375729 a composite number?
True
Is 917294831 a prime number?
False
Is 1000378031 composite?
True
Is 279738229 a prime number?
False
Is 3493140317 a prime number?
False
Is 45383846569 a composite number?
False
Is 17035869353 composite?
False
Is 15906566657 a composite number?
True
Is 96546779779 a prime number?
False
Is 1394224207 composite?
False
Is 64217539073 a composite number?
False
Is 6248320007 a prime number?
False
Is 705797747 composite?
False
Is 26603348533 prime?
True
Is 100263029 a composite number?
False
Is 926154811 composite?
False
Is 769673497 prime?
True
Is 618555919499 prime?
False
Is 103880177 composite?
True
Is 1106283671 a composite number?
False
Is 84191740873 a prime number?
True
Is 3068649091 prime?
False
Is 598961647 a composite number?
True
Is 1085168419 prime?
True
Is 4893563 a composite number?
False
Is 2363505407 a prime number?
True
Is 1193408003 composite?
True
Is 5903470679 composite?
False
Is 964002115 composite?
True
Is 987193061 a composite number?
True
Is 18621431 a prime number?
True
Is 10824093506 prime?
False
Is 1097864921 a composite number?
False
Is 8309346301 a prime number?
False
Is 216403211 composite?
False
Is 1133879203 a prime number?
True
Is 5753405879 composite?
True
Is 81030559391 composite?
True
Is 4280718683 a composite number?
False
Is 752498699 composite?
True
Is 139060125877 prime?
False
Is 4846278545 prime?
False
Is 86088229021 composite?
False
Is 6057807053 a composite number?
False
Is 173255399 a composite number?
True
Is 23378054807 prime?
True
Is 114331030351 a composite number?
False
Is 9763201653 composite?
True
Is 1266066715 composite?
True
Is 128411509 a composite number?
False
Is 112600489 composite?
False
Is 49893261959 composite?
False
Is 5876056999 prime?
False
Is 8597801353 composite?
True
Is 17822914013 a composite number?
False
Is 45072554045 a prime number?
False
Is 5383885451 a prime number?
False
Is 14709424823 a prime number?
True
Is 28931084761 a prime number?
True
Is 24578004029 prime?
True
Is 532544317 a prime number?
False
Is 162133747 a composite number?
False
Is 132977360777 a prime number?
False
Is 1040379947 prime?
False
Is 104540977 a prime number?
True
Is 3777247277 composite?
False
Is 574884229 a composite number?
False
Is 1682869663 composite?
False
Is 754569493 a prime number?
True
Is 37553578037 a composite number?
True
Is 33064704709 a composite number?
True
Is 120310096699 composite?
True
Is 597101779 composite?
False
Is 195138991 a composite number?
False
Is 3824333437 a composite number?
False
Is 2514463361 prime?
False
Is 681632531 a composite number?
True
Is 21830080471 a composite number?
False
Is 17604725669 a composite number?
False
Is 22328684353 prime?
False
Is 203092380919 composite?
False
Is 23575081477 composite?
False
Is 18190938071 a composite number?
True
Is 5324461969 a composite number?
True
Is 24106375291 a prime number?
False
Is 974072033 a composite number?
True
Is 2167903769 a composite number?
False
Is 13406070871 a prime number?
True
Is 93652805287 composite?
True
Is 3254502739 composite?
False
Is 4946206949 prime?
True
Is 402280691 prime?
True
Is 132907445939 prime?
False
Is 15506677817 prime?
True
Is 577257787 prime?
False
Is 114682541 a composite number?
False
Is 16115424977 a composite number?
True
Is 722543174 a prime number?
False
Is 3671299519 composite?
True
Is 1261099811 a composite number?
False
Is 830477 composite?
False
Is 743639047 a prime number?
True
Is 1444988549 composite?
False
Is 830627741 composite?
True
Is 15685504259 composite?
False
Is 1802461301 a composite number?
True
Is 184692919